{"id":166,"date":"2026-04-17T07:47:44","date_gmt":"2026-04-17T07:47:44","guid":{"rendered":"https:\/\/leabaumgartner.studentsweb.at\/?page_id=166"},"modified":"2026-04-17T07:47:44","modified_gmt":"2026-04-17T07:47:44","slug":"impressum","status":"publish","type":"page","link":"https:\/\/leabaumgartner.studentsweb.at\/?page_id=166","title":{"rendered":"Impressum"},"content":{"rendered":"\n<p><strong>Impressum<\/strong><\/p>\n\n\n\n<p><strong>Angaben gem\u00e4\u00df \u00a7 5 ECG und \u00a7 25 MedienG<\/strong><\/p>\n\n\n\n<p><strong>Daniela K\u00f6nig<\/strong><br>Einzelunternehmen (EPU)<\/p>\n\n\n\n<p>Rohrbach 99<br>A-3351 Weistrach<br>\u00d6sterreich<\/p>\n\n\n\n<p><strong>Kontakt<\/strong><\/p>\n\n\n\n<p>Telefon: +43 664 75005578<br>E-Mail:&nbsp;<a href=\"mailto:danielakoenig@aon.at\" target=\"_blank\" rel=\"noreferrer noopener\">danielakoenig@aon.at<\/a><\/p>\n\n\n\n<p><strong>Unternehmensgegenstand<\/strong><\/p>\n\n\n\n<p>Coaching und Beratung von Ausbilder:innen und F\u00fchrungskr\u00e4ften<br>Begleitung von Lehrlingen und Jugendlichen<br>Training, Lehrlingsentwicklung sowie Pers\u00f6nlichkeitsentwicklung<br>Lebens- und Sozialberatung (psychosoziale Beratung)<\/p>\n\n\n\n<p><strong>Unternehmensdaten<\/strong><\/p>\n\n\n\n<p>Rechtsform: Einzelunternehmen (EPU)<br>Inhaberin: Daniela K\u00f6nig<\/p>\n\n\n\n<p>UID-Nummer: ATU79252434<\/p>\n\n\n\n<p><strong>Mitglied bei:<\/strong><br>Wirtschaftskammer Nieder\u00f6sterreich<br>Fachgruppe Personenberatung und Personenbetreuung<br>(Berufszweig Lebens- und Sozialberatung)<\/p>\n\n\n\n<p><strong>Gewerbebeh\u00f6rde<\/strong><\/p>\n\n\n\n<p>Bezirkshauptmannschaft Amstetten<\/p>\n\n\n\n<p><strong>Berufsbezeichnung<\/strong><\/p>\n\n\n\n<p>Dipl. Lebens- und Sozialberaterin<br>Verleihungsstaat: \u00d6sterreich<\/p>\n\n\n\n<p><strong>Anwendbare Rechtsvorschriften<\/strong><\/p>\n\n\n\n<p>Gewerbeordnung (GewO)<br>abrufbar unter:&nbsp;<a href=\"https:\/\/www.ris.bka.gv.at\/\" target=\"_blank\" rel=\"noreferrer noopener\">https:\/\/www.ris.bka.gv.at<\/a><\/p>\n\n\n\n<p><strong>Online-Streitbeilegung<\/strong><\/p>\n\n\n\n<p>Verbraucher haben die M\u00f6glichkeit, Beschwerden an die Online-Streitbeilegungsplattform der Europ\u00e4ischen Kommission zu richten:<br><a href=\"https:\/\/ec.europa.eu\/consumers\/odr\/\" target=\"_blank\" rel=\"noreferrer noopener\">https:\/\/ec.europa.eu\/consumers\/odr\/<\/a><\/p>\n\n\n\n<p>Wir sind jedoch nicht verpflichtet und nicht bereit, an Streitbeilegungsverfahren vor einer Verbraucherschlichtungsstelle teilzunehmen.<\/p>\n\n\n\n<p><strong>Haftung f\u00fcr Inhalte<\/strong><\/p>\n\n\n\n<p>Die Inhalte dieser Website werden mit gr\u00f6\u00dfter Sorgfalt erstellt und regelm\u00e4\u00dfig aktualisiert. Dennoch \u00fcbernehmen wir keine Gew\u00e4hr f\u00fcr die Richtigkeit, Vollst\u00e4ndigkeit und Aktualit\u00e4t der Inhalte.<\/p>\n\n\n\n<p>Sollten Ihnen problematische oder rechtswidrige Inhalte auffallen, bitten wir um entsprechende Mitteilung.<\/p>\n\n\n\n<p><strong>Haftung f\u00fcr Links<\/strong><\/p>\n\n\n\n<p>Unsere Website enth\u00e4lt Links zu externen Websites, auf deren Inhalte wir keinen Einfluss haben. F\u00fcr diese Inhalte \u00fcbernehmen wir keine Haftung.<\/p>\n\n\n\n<p>Bei Bekanntwerden von Rechtsverletzungen werden derartige Links umgehend entfernt.<\/p>\n\n\n\n<p><strong>Urheberrecht<\/strong><\/p>\n\n\n\n<p>Alle Inhalte dieser Website (Texte, Bilder, Grafiken, Videos) sind urheberrechtlich gesch\u00fctzt.<\/p>\n\n\n\n<p>Eine Verwendung oder Weiterverarbeitung ist nur mit ausdr\u00fccklicher Zustimmung zul\u00e4ssig.<\/p>\n\n\n\n<p><strong>Weitere Onlineauftritte<\/strong><\/p>\n\n\n\n<p>Dieses Impressum gilt auch f\u00fcr:<\/p>\n\n\n\n<ul class=\"wp-block-list\">\n<li><a href=\"https:\/\/www.linkedin.com\/in\/danielak%C3%B6nig\/\" target=\"_blank\" rel=\"noreferrer noopener\">https:\/\/www.linkedin.com\/in\/danielak%C3%B6nig\/<\/a><\/li>\n<\/ul>\n","protected":false},"excerpt":{"rendered":"<p>Impressum Angaben gem\u00e4\u00df \u00a7 5 ECG und \u00a7 25 MedienG Daniela K\u00f6nigEinzelunternehmen (EPU) Rohrbach 99A-3351 Weistrach\u00d6sterreich Kontakt Telefon: +43 664 75005578E-Mail:&nbsp;danielakoenig@aon.at Unternehmensgegenstand Coaching und Beratung von Ausbilder:innen und F\u00fchrungskr\u00e4ftenBegleitung von Lehrlingen und JugendlichenTraining, Lehrlingsentwicklung sowie Pers\u00f6nlichkeitsentwicklungLebens- und Sozialberatung (psychosoziale Beratung) Unternehmensdaten Rechtsform: Einzelunternehmen (EPU)Inhaberin: Daniela K\u00f6nig UID-Nummer: ATU79252434 Mitglied bei:Wirtschaftskammer Nieder\u00f6sterreichFachgruppe Personenberatung und Personenbetreuung(Berufszweig Lebens-&#8230;<\/p>\n","protected":false},"author":1,"featured_media":0,"parent":0,"menu_order":0,"comment_status":"closed","ping_status":"closed","template":"","meta":{"_kad_post_transparent":"","_kad_post_title":"","_kad_post_layout":"","_kad_post_sidebar_id":"","_kad_post_content_style":"","_kad_post_vertical_padding":"","_kad_post_feature":"","_kad_post_feature_position":"","_kad_post_header":false,"_kad_post_footer":false,"_kad_post_classname":"","footnotes":""},"class_list":["post-166","page","type-page","status-publish","hentry"],"_links":{"self":[{"href":"https:\/\/leabaumgartner.studentsweb.at\/index.php?rest_route=\/wp\/v2\/pages\/166","targetHints":{"allow":["GET"]}}],"collection":[{"href":"https:\/\/leabaumgartner.studentsweb.at\/index.php?rest_route=\/wp\/v2\/pages"}],"about":[{"href":"https:\/\/leabaumgartner.studentsweb.at\/index.php?rest_route=\/wp\/v2\/types\/page"}],"author":[{"embeddable":true,"href":"https:\/\/leabaumgartner.studentsweb.at\/index.php?rest_route=\/wp\/v2\/users\/1"}],"replies":[{"embeddable":true,"href":"https:\/\/leabaumgartner.studentsweb.at\/index.php?rest_route=%2Fwp%2Fv2%2Fcomments&post=166"}],"version-history":[{"count":1,"href":"https:\/\/leabaumgartner.studentsweb.at\/index.php?rest_route=\/wp\/v2\/pages\/166\/revisions"}],"predecessor-version":[{"id":167,"href":"https:\/\/leabaumgartner.studentsweb.at\/index.php?rest_route=\/wp\/v2\/pages\/166\/revisions\/167"}],"wp:attachment":[{"href":"https:\/\/leabaumgartner.studentsweb.at\/index.php?rest_route=%2Fwp%2Fv2%2Fmedia&parent=166"}],"curies":[{"name":"wp","href":"https:\/\/api.w.org\/{rel}","templated":true}]}}